809. Calculate q(8).
-9
Let b(r) = -r**3 + 17*r**2 + 247*r + 129. Give b(-9).
12
Let b(i) = -3*i**2 + 287*i + 3415. Calculate b(-14).
-1191
Let l(s) = -5*s**3 - 380*s**2 - 373*s + 122. What is l(-75)?
-28
Let o(a) = 25429*a + 101830. Give o(-4).
114
Let i(y) = -142138*y - 852831. What is i(-6)?
-3
Let t(i) = 20*i + 1441. Determine t(-18).
1081
Let l(n) = 3*n**2 + 182*n - 740. Determine l(4).
36
Let c(z) = 34*z**2 + 101*z - 98. What is c(1)?
37
Let a(f) = 8*f**3 + 1641*f**2 - 287*f - 100866. Give a(-205).
-6
Let q(f) = -583*f**3 + 7*f**2 + 217*f - 222. Calculate q(1).
-581
Let g(v) = -197895*v + 9498964. Give g(48).
4
Let o(s) = 7004*s + 98214. Determine o(-14).
158
Let d(v) = -8*v**2 + 1356*v - 685. Calculate d(169).
-9
Let z(n) = -6*n**2 - 4690*n - 70395. Give z(-15).
-1395
Let k(a) = 22*a**3 - 1586*a**2 + 997*a - 61404. What is k(72)?
12
Let g(j) = 86*j**3 + 12*j**2 + 34*j - 21. Determine g(-3).
-2337
Let m(z) = 494*z + 1258. Calculate m(-8).
-2694
Let f(v) = -5*v**2 + 1830*v + 16876. Give f(-9).
1
Let z(m) = -98*m**2 + 220*m - 622. Determine z(6).
-2830
Let i(d) = -d**3 - 1998*d**2 + 5910*d - 186096. Calculate i(-2001).
-3
Let h(p) = 25799*p - 2063926. Give h(80).
-6
Let v(a) = -4*a**3 + 66*a**2 - 328*a + 3590. Calculate v(15).
20
Let p(f) = -9*f**2 + 1930*f - 7572. Give p(4).
4
Let p(t) = -t**2 + 126*t + 8343. What is p(-46)?
431
Let w(r) = 33*r**3 - 245*r**2 - 736*r - 6. Determine w(-3).
-894
Let f(q) = -8*q**2 - 45*q + 797. Calculate f(12).
-895
Let r(w) = -7*w**2 + 1629*w - 51798. Determine r(38).
-4
Let g(t) = -21990*t + 1935128. Determine g(88).
8
Let a(k) = -k**2 - 153*k - 11708. Give a(-80).
-5868
Let t(y) = -124*y**3 + 7*y**2 + 19*y + 28. Calculate t(-2).
1010
Let h(m) = -7*m**2 + 7912*m - 268348. What is h(35)?
-3
Let m(w) = 9845*w - 137839. What is m(14)?
-9
Let q(t) = 26*t + 4009. Calculate q(-140).
369
Let f(q) = -1562*q**2 - 25004*q - 200. Give f(-16).
-8
Let q(g) = -19*g**2 - 132*g + 82. Give q(-8).
-78
Let l(k) = 280*k - 1464. Calculate l(7).
496
Let q(k) = 15*k**2 - 1786*k - 585. Give q(120).
1095
Let s(z) = 349*z - 5109. Give s(14).
-223
Let g(y) = -3*y**3 - 5188*y**2 - 127822*y + 75. Calculate g(-25).
0
Let u(n) = 1680226*n + 11761565. Determine u(-7).
-17
Let v(m) = m**3 - 17*m**2 - 70*m - 39. Give v(20).
-239
Let v(a) = 156*a**3 - 3900*a**2 + a - 56. Calculate v(25).
-31
Let c(y) = -6153*y + 2602540. Give c(423).
-179
Let t(g) = 55042*g - 220176. Calculate t(4).
-8
Let q(b) = b**2 - 1215*b - 87245. Determine q(-68).
-1
Let t(d) = -3*d**2 + 701*d + 3509. What is t(-5)?
-71
Let q(k) = 25*k**3 + 774*k**2 + 50*k + 2503. Calculate q(-31).
-8
Let h(u) = -34218*u + 205304. Calculate h(6).
-4
Let y(n) = n**2 - 53*n + 216. Calculate y(8).
-144
Let b(v) = v**2 + 496*v + 57318. Give b(-311).
-217
Let u(i) = 597*i + 4981. Determine u(-9).
-392
Let l(y) = 21*y**3 + 14283*y**2 + 2047*y + 4671. Calculate l(-680).
-89
Let z(u) = u**3 + 26*u**2 + 194*u + 1923. Give z(-21).
54
Let i(v) = v**3 - 289*v**2 + 980*v + 45600. Calculate i(285).
0
Let o(d) = -2*d**2 - 837*d - 75502. Give o(-287).
-21
Let l(j) = -j**3 - 411*j**2 + 5079*j - 46. Determine l(12).
-10
Let z(w) = -164*w**3 + 3771*w**2 - 490*w + 11790. Give z(23).
-9
Let v(j) = -5*j**3 + 89*j**2 - 3359*j + 60779. Determine v(18).
-7
Let d(f) = -61599*f - 61572. Calculate d(-1).
27
Let d(y) = -1109*y + 111418. Determine d(101).
-591
Let k(t) = -t**3 - 76*t**2 - 469*t + 421. Give k(-70).
3851
Let t(b) = 109*b**2 - 1013*b + 2332. Calculate t(5).
-8
Let w(k) = 4097*k - 401529. Determine w(98).
-23
Let b(q) = -245*q**2 + 7941*q - 24252. Give b(29).
-8
Let i(o) = -o**3 - 231*o**2 + 955*o + 3596. Determine i(-235).
71
Let y(c) = 18*c**3 - 32*c**2 + 8*c + 41. What is y(-1)?
-17
Let x(m) = -m**2 + 10767*m + 1317440. Calculate x(-121).
-8
Let y(k) = -6*k**3 + 745*k**2 - 125*k + 358. Calculate y(124).
234
Let k(d) = 59432*d - 7131841. Give k(120).
-1
Let c(x) = -793706*x + 8730742. Give c(11).
-24
Let o(x) = -23926*x + 167488. Calculate o(7).
6
Let x(j) = 4*j**2 + 138*j - 487. Determine x(-32).
-807
Let t(x) = -90736*x + 9073587. Give t(100).
-13
Let b(o) = -31*o**2 - 814*o + 154795. Calculate b(-85).
10
Let r(u) = -u**3 - 36*u**2 - 52*u - 437. What is r(-34)?
-981
Let v(t) = -432*t + 8062. Determine v(19).
-146
Let u(t) = 38*t**2 - 21555*t - 38121. Give u(569).
2
Let g(s) = -32*s**2 + 2885*s - 78. Calculate g(0).
-78
Let z(j) = 3*j**2 + 625*j + 5314. What is z(-9)?
-68
Let a(q) = 6*q**3 + 1108*q**2 - 291*q + 14609. Calculate a(-185).
-6
Let k(b) = -1231*b - 190833. Determine k(-155).
-28
Let x(v) = 2080*v - 27095. Give x(13).
-55
Let m(p) = -426258*p - 1704939. Give m(-4).
93
Let a(m) = 2188*m**2 - 10952*m - 9. What is a(5)?
-69
Let t(g) = -3*g**2 - 1385*g - 139273. Give t(-148).
-5
Let k(r) = r**3 + 118*r**2 - 732*r + 329. Calculate k(-124).
-1159
Let f(g) = -55111*g - 1267785. What is f(-23)?
-232
Let g(k) = 92*k**2 - 6749*k + 2334. Determine g(73).
-75
Let b(t) = -24570*t - 245683. What is b(-10)?
17
Let q(y) = -7904*y + 118529. What is q(15)?
-31
Let i(b) = b**3 - 99*b**2 - 33*b + 3273. What is i(99)?
6
Let r(d) = -147*d + 412. Calculate r(2).
118
Let g(j) = 9*j**3 + 3057*j**2 - 1020*j - 86. Calculate g(-340).
-86
Let g(k) = k**3 - 384*k - 96. Determine g(-19).
341
Let p(i) = 23*i - 2918. Give p(127).
3
Let n(y) = y**2 + 52*y + 990. Calculate n(-19).
363
Let f(d) = 4*d**3 - 90*d**2 - 236*d - 319. Give f(25).
31
Let s(l) = l**3 + 80*l**2 + 765*l + 557. Determine s(-69).
143
Let d(t) = 62*t**2 - 2412*t - 52. Determine d(39).
182
Let g(m) = -m**2 - 392*m + 1190. What is g(-395)?
5
Let n(u) = 46592*u - 512533. What is n(11)?
-21
Let f(d) = -11*d**3 + 794*d**2 - 146*d + 174. Calculate f(72).
30
Let x(f) = -2705*f**2 - 116317*f - 84. Determine x(-43).
2
Let c(d) = 6*d**3 - 887*d**2 + 1601*d + 736. Determine c(146).
6
Let b(w) = w**2 - 3079*w - 1234243. Give b(-359).
-1
Let f(o) = 68*o**2 + 2158*o + 51. What is f(-32)?
627
Let c(k) = 3*k**3 + 171*k**2 - 30*k - 2329. Give c(-57).
-619
Let g(s) = -52414*s + 52381. Give g(1).
-33
Let t(j) = 13*j**2 - 1342*j + 5778. Determine t(99).
333
Let k(j) = -50*j**2 + 593*j + 175. What is k(12)?
91
Let d(r) = r**2 + 164287*r + 1149956. Calculate d(-7).
-4
Let f(l) = 2*l**3 + 16*l**2 + 36177*l + 108437. Give f(-3).
-4
Let k(f) = 5*f**2 - 21*f + 44. What is k(9)?
260
Let a(d) = -34*d**2 + 2249*d - 19353. Give a(56).
-33
Let j(m) = 3*m**3 + 35*m**2 + m + 176. Determine j(-12).
20
Let c(y) = -21*y**3 + 49*y**2 - 259*y + 19. Determine c(5).
-2676
Let i(g) = -1745*g - 27108. What is i(-16)?
812
Let s(m) = -48*m**2 + 204*m + 6539. Calculate s(14).
-13
Let k(d) = -39*d**2 - 147*d - 729. Determine k(-5).
-969
Let k(p) = -4*p**2 - 199*p + 53175. Determine k(93).
72
Let n(u) = u**2 - 29*u - 2842. Calculate n(74).
488
Let h(d) = 12*d**3 - 6*d + 27. Give h(0).
27
Let a(q) = q**2 - 16151*q - 4600676. Determine a(-280).
4
Let s(n) = -248901*n + 248923. Calculate s(1).
22
Let q(o) = 7*o**3 - o**2 + 392*o + 1992. Calculate q(-5).
-868
Let l(i) = 892*i + 97233. What is l(-109)?
5
Let g(q) = -9*q**2 + 4040*q + 32891. Give g(-8).
-5
Let h(n) = n**3 + 665*n**2 - 14406*n + 15. Give h(21).
15
Let c(p) = 3973*p + 2214. What is c(-1)?
-1759
Let b(n) = 488711*n - 488712. Give b(1).
-1
Let s(k) = -k**3 - 329*k**2 + 729*k - 88768. What is s(-332)?
-124
Let y(l) = -2*l**2 - 69400*l - 763155. Determine y(-11).
3
Let c(r) = 2413*r - 231805. Calculate c(96).
-157
Let b(j) = -4*j**2 - 678*j - 10598. Determine b(-152).
42
Let r(x) = -633*x + 21400. Determine r(34).
-122
Let a(z) = -858*z + 94404. Give a(110).
24
Let p(u) = 19*u**2 + 848*u + 7193. Give p(-33).
-100
Let o(w) = -w**3 + 157*w**2 - 726*w - 5174. What is o(152)?
-6
Let a(h) = 9*h**2 - 1158*h - 16573. What is a(-13)?
2
Let c(v) = 154588*v + 3400926. Give c(-22).
-10
Let m(s) = s**2 + 10*s - 104. What is m(5)?
-29
Let a(w) = 5193*w - 135047. Calculate a(26).
-29
Let h(y) = 2*y**3 - 173*y**2 + 1934*y - 142725. What is h(85)?
-10
Let w(g) = 16*g**3 + 286*g**2 + 27*g - 8. Determine w(-18).
-1142
Let o(u) = 3*u**3 + 43*u**2 + 335*u + 3005. Determine o(-12).
-7
Let u(d) = -d**2 + 10*d + 1831. Give u(48).
7
Let p(x) = 15*x**2 + 1202*x + 389. Determine p(-80).
229
Let f(a) = -7419*a - 22221. What is f(-3)?
36
Let m(h) = -81803*h - 245433.